 -753 + -42?
-795
In base 14, what is -bc1 + -7c?
-c5d
In base 14, what is 2 + a19a?
a19c
In base 11, what is -6261 + -8?
-6269
In base 13, what is -2a7 - -3?
-2a4
In base 4, what is 0 + 1123212?
1123212
In base 16, what is 2f + -14a7?
-1478
In base 2, what is 11010110111 - 110?
11010110001
In base 14, what is -453 + -6bb?
-b30
In base 16, what is -9 - 6f0?
-6f9
In base 7, what is 3 - -54333?
54336
In base 16, what is -5a7b - -e?
-5a6d
In base 11, what is -106 - 5a1?
-6a7
In base 14, what is 220 + -13?
20b
In base 9, what is 3 - -27133?
27136
In base 6, what is 4 + 34330435?
34330443
In base 16, what is -13d - 145?
-282
In base 3, what is -12221022202 + -11?
-12221022220
In base 11, what is a257 + -5?
a252
In base 15, what is ec + 63?
160
In base 10, what is 410723 + 3?
410726
In base 8, what is -4 + -17602?
-17606
In base 2, what is 111001011001100 + -11110?
111001010101110
In base 7, what is 5 - 21650?
-21642
In base 15, what is -10aae + 2?
-10aac
In base 16, what is 33f + 164?
4a3
In base 7, what is -26 + -5365?
-5424
In base 2, what is 10 + 11010100101010?
11010100101100
In base 10, what is -17980 + 3?
-17977
In base 12, what is 0 + -40201a?
-40201a
In base 9, what is 5275 + 707?
6083
In base 11, what is -3 + a3a?
a37
In base 14, what is 148 + d?
157
In base 12, what is 14 + 399?
3b1
In base 3, what is -102120112010 - -201?
-102120111102
In base 16, what is 1 - cd53?
-cd52
In base 11, what is 1 - -5843?
5844
In base 16, what is -5 + 2d1?
2cc
In base 2, what is -11001 + -100000110001?
-100001001010
In base 10, what is -4 + 33078?
33074
In base 9, what is 5 - -20075?
20081
In base 15, what is -3c4 + 7ae?
3da
In base 4, what is -1123331231 - 0?
-1123331231
In base 3, what is 20000 + -100002?
-10002
In base 3, what is 12 - 10200210?
-10200121
In base 8, what is -301 + 401?
100
In base 5, what is 221102 + -1021?
220031
In base 16, what is -11 + 18e?
17d
In base 9, what is -5 - 421488?
-421504
In base 6, what is 4311 - 434?
3433
In base 16, what is d5 - 4da?
-405
In base 14, what is -b23b2a - -5?
-b23b25
In base 15, what is -8b4 - 64?
-928
In base 16, what is -5 + -247b2?
-247b7
In base 13, what is 4 - 49321?
-4931a
In base 14, what is -14a13 + 1?
-14a12
In base 5, what is -23 + -1040113?
-1040141
In base 14, what is 2806 - -3c?
2844
In base 10, what is 841 - -491?
1332
In base 15, what is 3d - 12bc?
-127e
In base 3, what is -11 - 21101120121?
-21101120202
In base 2, what is -101111 - -111110001?
111000010
In base 5, what is 3 + 2333403?
2333411
In base 2, what is 101000 - -10100001011?
10100110011
In base 5, what is -23213 - 4242?
-33010
In base 14, what is -1 + 198153?
198152
In base 12, what is -2158 - 72?
-220a
In base 4, what is -33 - 220322?
-221021
In base 7, what is 6 - 2040502?
-2040463
In base 9, what is -5 - -3321?
3315
In base 6, what is 2322 + 15?
2341
In base 16, what is 34ca + 16?
34e0
In base 16, what is -1 - -1ff7?
1ff6
In base 10, what is 588 - 167?
421
In base 7, what is 2 + 1551626?
1551631
In base 10, what is -17 - -374?
357
In base 14, what is -976 - 1a?
-992
In base 9, what is 5 - 18522?
-18516
In base 6, what is 111455040 + 2?
111455042
In base 6, what is 251 + -25?
222
In base 3, what is -10021101 + 1010?
-10020021
In base 3, what is 1211110010 + 12?
1211110022
In base 8, what is -263 - 506?
-771
In base 12, what is -31a17 - -7?
-31a10
In base 3, what is 110020112110 - 10?
110020112100
In base 12, what is -1102 + -200?
-1302
In base 16, what is 507d0 + -2?
507ce
In base 9, what is -327078 - -11?
-327067
In base 3, what is 1 - 1100210002102?
-1100210002101
In base 7, what is 0 + -44340?
-44340
In base 14, what is 5914 - 16?
58dc
In base 5, what is 10111 + -4033?
1023
In base 8, what is 262 + 4555?
5037
In base 9, what is 11 - -372144?
372155
In base 2, what is -11001100010010111110 + 10?
-11001100010010111100
In base 11, what is 4992 + 132?
5014
In base 12, what is 38a05 - -7?
38a10
In base 10, what is 665 - -431?
1096
In base 12, what is -1aa - -5?
-1a5
In base 2, what is 101011 - 10011?
11000
In base 12, what is -7032 - -31?
-7001
In base 9, what is -2 - 30514?
-30516
In base 8, what is 1 - -13262?
13263
In base 12, what is -146 + -4?
-14a
In base 6, what is 140 + -3200?
-3020
In base 9, what is 13222 - 31?
13181
In base 8, what is 10 - 1455?
-1445
In base 7, what is -2 - 3214123?
-3214125
In base 12, what is -2768b + -6?
-27695
In base 6, what is -32301 + 24?
-32233
In base 10, what is 1 - 376700?
-376699
In base 5, what is 1 + 11001231?
11001232
In base 7, what is -5566 - 1202?
-10101
In base 2, what is 11 + 11010011111111?
11010100000010
In base 2, what is -10001000100100011110 - -101?
-10001000100100011001
In base 3, what is 2012220 - 1210?
2011010
In base 6, what is -242 + -32211?
-32453
In base 4, what is -211030 + -10231?
-221321
In base 9, what is 4 - -3373?
3377
In base 16, what is -a508 - 3?
-a50b
In base 3, what is -200 + -22011020?
-22011220
In base 14, what is -10c5 + 47?
-107c
In base 14, what is -62c - 625?
-c53
In base 14, what is -3a8 - 727?
-ad1
In base 10, what is 92948 + -2?
92946
In base 5, what is 42 - 2130004?
-2124412
In base 14, what is -69bb + -36?
-6a13
In base 8, what is 30 + -22501?
-22451
In base 6, what is -5 + -11313?
-11322
In base 3, what is -10 - 10121121122?
-10121121202
In base 16, what is -10 + -c58?
-c68
In base 14, what is -4 + 8271c?
82718
In base 16, what is 51 + -f3?
-a2
In base 7, what is 6644600 + -5?
6644562
In base 4, what is -11022 - -21222?
10200
In base 4, what is 3131 + -10032?
-301
In base 12, what is 2a1 - -17a?
45b
In base 9, what is 1061228 - -2?
1061231
In base 13, what is 3b - 8c4?
-886
In base 15, what is -1 - -864b5?
864b4
In base 9, what is -1 - 1673363?
-1673364
In base 15, what is -6a - 59ee?
-5a69
In base 9, what is -12343 + -333?
-12676
In base 3, what is -1200 - -10111001000?
10110222100
In base 5, what is -11032 - 24?
-11111
In base 5, what is 1334 + 242?
2131
In base 4, what is -1302311 + 2?
-1302303
In base 7, what is -1105535 - 3?
-1105541
In base 12, what is -2 + a6394?
a6392
In base 3, what is 0 - -11200000221?
11200000221
In base 9, what is 5 - 48122?
-48116
In base 15, what is -53 + -1bb?
-21e
In base 12, what is -a + b69?
b5b
In base 14, what is 93 - 2c4?
-231
In base 6, what is -2132553 + -5?
-2133002
In base 15, what is 97c - 182?
7ea
In base 15, what is 3a5e8 + 2?
3a5ea
In base 2, what is -1101100011100 + -11101010?
-1110000000110
In base 10, what is 655163 + -3?
655160
In base 14, what is -35 - -160?
129
In base 7, what is 23363435 - -5?
23363443
In base 7, what is -116320 - -34?
-116253
In base 6, what is 3 + -10324135?
-10324132
In base 9, what is -5 - -61178?
61173
In base 6, what is 1 + -20420255?
-20420254
In base 6, what is -4140352 + -4?
-4140400
In base 16, what is -190 + -96?
-226
In base 3, what is 0 + 1021101201?
1021101201
In base 7, what is -24 - -133600?
133543
In base 16, what is -20b2 - 4?
-20b6
In base 9, what is -145538 + 4?
-145534
In base 16, what is 1 - -8252?
8253
In base 4, what is 11 - -1103303203?
1103303220
In base 7, what is 410056 - -2?
410061
In base 13, what is 55 - 4a99?
-4a44
In base 6, what is 130430 + -1?
130425
In base 3, what is -11 - -12210101110?
12210101022
In base 10, what is -1499 + -14?
-1513
In base 7, what is 2645 - -111?
3056
In base 7, what is -34125 + 1454?
-32341
In base 16, what is 425e0 - 1?
425df
In base 12, what is -2 - -14aab?
14aa9
In base 11, what is -101 - 291a?
-2a20
In base 13, what is -c - 7110?
-711c
In base 10, what is 24656 + 4?
24660
In base 10, what is 1 + 11733?
11734
In base 16, what is -7340 + 6?
-733a
In base 6, what is 52142 + 3?
52145
In base 2, what is 1 - -101000100100000?
101000100100001
In base 13, what is -9a108 - 4?
-9a10c
In base 13, what is c - -114b?
115a
In base 14, what is -3495 - 11?
-34a6
In base 8, what is 7745 - -2033?
12000
In base 2, what is 11010010111101101 + -101?
11010010111101000
In base 15, what is -5a15 + 4?
-5a11
In base 11, what is 3 + -1031?
-1029
In base 3, what is 12 - 1001112211?
-1001112122
In base 16, what is -4ab5 - -1c?
-4a99
In base 7, what is 351 - 100246?
-66565
In base 2, what is 101011010000001110 + -1111?
101011001111111111
In base 14, what is -4 - -8a59?
8a55
In base 8, what is 74 + 1275?
1371
In base 14, what is 2 - b99b?
-b999
